
-84
What is -4 - 124 - (3540 + -3740)?
72
-25 - (29 - (1 + -1 + -1))
-55
Evaluate -35 + (0 - -2) - (120 + -111) - 8.
-50
Calculate 458 - 456 - (2 + 10) - (-64 + -3 + 1).
56
What is 18 + 3 - (124 + -151)?
48
Calculate -1 - ((8 - 8) + -9 - (3 - -2 - 24)).
-11
What is (-2 - -52) + 47 + -50 + (-11 - 1) + 11?
46
30 + (2 - (13 + (5 - 5) + -3))
22
Calculate -13 - 0 - (25 + -6 - 43) - -21.
32
-49 - (22 + 14 - -57) - -32
-110
(-4 - (-5 + -4)) + -1 - (24 - (54 - 19))
15
Calculate -30 - -28 - (17 - (-3 + -8 + 84)).
54
-27 - (0 + -9 + 9 + -9) - (8 - 9)
-17
Calculate 7 + -16 + (22 - 56) + -24.
-67
Evaluate 122 + -1 + 1 + 30 + (-7 - -12 - 24).
133
What is -8 + 1 - (94 + -111)?
10
What is the value of -2 - (17 + (-16 - 44) + (-14 - -4) + -10)?
61
Calculate -12 - (-10 + 31 + -3 + -12).
-18
What is the value of 3 + -1 + 9 + -16 - 3?
-8
Evaluate -67 - (1 + -2) - (267 + -140 - 127).
-66
(9 - -15) + (-305 - -300)
19
Calculate 1 + -51 + (-7 - -57) + (-28 - (-2 + 2)).
-28
What is the value of 2 - 12 - -71 - 10 - 12?
39
Evaluate 43 - (27 + -14 + 0 - -39).
-9
What is 6 + -1 - -5 - (191 - 203)?
22
Evaluate 28 + (-82 + 38 - -3) + (4 - 1).
-10
What is the value of 15 - (-11 + 11 + -1 + 86) - -3?
-67
-150 + -22 + 372 + -121
79
Evaluate -14 + (12 - 31) + -2.
-35
Calculate 19 - (-13 - ((24 - 21) + -42)).
-7
Calculate (-8 + (-2 - -7) + -4 - -24) + -2.
15
What is the value of 80 + -77 + 15 + 82?
100
What is the value of (30 - 10) + (-4 - (-4 + -29) - 14)?
35
Calculate (3 + -4 - 6) + 14 + 69 + -19 + 55.
112
Calculate (-262 - -269) + -18 + -9.
-20
Calculate (1 - -17) + (10 - (11 + (9 - 7) + -3)).
18
What is -265 + 326 - (182 - 20)?
-101
What is the value of -2 + -1 + 2 + 42 + 2635 + -2643?
33
What is 144 - (-51 + (-79 - -218))?
56
What is (-11 - (-34 - (-16 + 4) - -15)) + -27?
-31
Calculate (138 + (-28 - -42) - 29) + 3.
126
Evaluate -31 - (15 + (-10 - 13) + 16).
-39
Calculate -15 - 2 - (-51 + 0 - (-700 - -601)).
-65
What is -62 + 35 + 48 + 7?
28
Evaluate -112 + ((6 - -37) + (-7 - 23) - (-1 + 6)).
-104
What is the value of -1 + -8 + -4 + (3 + -4 - 41)?
-55
Calculate 12 - 1 - (-52 + 53) - (-29 + 1 + 1).
37
Evaluate 38 + -8 - 10 - (-78 - -36 - -33).
29
Evaluate 80 + -86 - (-5 - (-5 - -2) - 0).
-4
Calculate 64 - (12 - (2 + 20 - (9 - 7 - -7))).
65
Evaluate 11 + (-28 + -10 + -2 - 54).
-83
Evaluate 246 + -101 + -134 - (24 + 1).
-14
What is (81 - 98) + 206 - 99?
90
2 - -2 - ((173 - 196) + 22 + -4)
9
Evaluate 32 + (49 - (48 + -18)).
51
What is -3 - -3 - -55 - (40 + -18)?
33
What is 13 + -47 + -27 + 28?
-33
What is the value of -2 + -52 + (-4 - (-14 + 3 - (-42 - -43)))?
-46
Evaluate (-3 - (3 + 6 + -11)) + 82 + -76 + -19.
-14
What is the value of 13 + 2 + -17 + 12 + (-45 - -1) + -3?
-37
What is -10 + 31 + (-5 - -40 - 89)?
-33
-51 + (61 - 35) + (-17 - -31)
-11
2 - -1 - -12 - (13 + -2)
4
Evaluate 13 - -1 - (-35 + -15) - 20.
44
What is the value of 1 + (-1 - 16) - (650 + -721)?
55
Calculate 39 + -27 + -4 + 25.
33
What is the value of 1 - (-20 - -9) - (-18 - -3 - -3)?
24
What is 19 - -2 - (5 + 49 + (-190 - -37))?
120
Evaluate 4 - 5 - (2 - 4) - -20 - 107.
-86
Calculate -11 + (-8 - -18) - -13 - (29 - (-24 + 14)).
-27
(14 + 2 - 2 - (37 + (7 - 32))) + 85
87
Calculate -14 + -1 + 2 + -1 - (7698 - 7714).
2
What is the value of (29 - (8 - -19)) + -1 + 0 + -4 + 61?
58
Calculate 11 + 48 - (-10 + 43).
26
What is 4 - (-14 + -12 + 35)?
-5
Evaluate 51 + (-67 + 156 - 59).
81
What is the value of 31 + (-59 - -25 - -21) - -36?
54
14 + (-10 - -13) + (-10 - 10) + 8
5
Evaluate -46 + 39 + (-3 - 1 - (18 - 29)) + 19.
19
Calculate 1 + (14 - 1 - 12 - 9) + -7.
-14
What is the value of (-5079 - -5091) + (1 - 25)?
-12
What is 22765 + -22790 + -34 + 1 + 0?
-58
What is the value of -1216 + 1231 + -3 + -1 - (4 + -6 + 160)?
-147
Evaluate -83 + -22 - (-199 - 34).
128
What is 29 - (19 + (-9 - 18))?
37
What is the value of 37 + -15 - ((4 - -43) + -3)?
-22
7 + -88 + 22 + 79
20
Evaluate 13 + 16 + (-36 - 5).
-12
Evaluate (7 - -18) + 26 + -46 - (-6 - 7).
18
-42 + (-78 + 120 - -21)
21
What is -12 + (-13 - (-17 - 7)) + 63 + 3 + 10?
75
What is -6 + 11 + (10 - 18) - -27?
24
-7 + 4 + 12 - 17 - (-8 + -1 - 26)
27
-89 + 0 - (14046 - 14101)
-34
What is the value of -41 + (-12 - 17) - -104 - (-1 - -3)?
32
What is the value of -14 - -40 - (-383 - -506)?
-97
-64 + (2 + -3 - 4 - (-85 - -78))
-62
What is 87 + -3 + 49 + -36 + 26?
123
Evaluate (85 + 0 - (31 + -44)) + (7 - 1) + 10.
114
Evaluate (8 + -8 - 1 - (-6 + 7)) + 28.
26
What is the value of 1 + (6 - 9) + -5 + 22?
15
Evaluate -1 - (14 + (24 - 16) + 10 + -28).
-5
1 + -47 - (-4 - -42 - 4)
-80
Evaluate -15 + (40 - 35) + -13.
-23
-16 + -7 + 12 + 4 + 35
28
Evaluate -1 - (76 + 13 + (-26 - (1 + 3))).
-60
What is 65 - (-42 - (62 + -113))?
56
-50 + -19 + 87 - (-12 - -113)
-83
What is the value of 10 - (28 - (28 - 12) - 29)?
27
5113 + -5089 + (-106 - (-1 - 0))
-81
Calculate 57 + 84 + -87 + -8.
46
Calculate (-2 - 15 - ((-7 - -4) + 1)) + 87.
72
Calculate (-26 - -53 - 18) + 29.
38
Evaluate (-15 - 0) + 131 + (107 - 167).
56
What is the value of 14 - ((-14 - (8 - 12)) + 1)?
23
10 - (10 + (9 - (18 - 17)))
-8
Calculate 92 - (59 - (71 + -21) - (13 - -3)).
99
What is 2 + (-60 - -124 - 67 - (-2 + -1 + -62))?
64
10 - (7 - 6) - (-60 + 27)
42
What is the value of 23 - -55 - -20 - (-53 + 56)?
95
What is the value of (3 + 66 - 71) + 19?
17
What is (5 + 6 - 7 - -68) + -4?
68
Calculate 22 - ((6 - 2) + 179 + -180).
19
203 - 136 - 137 - 65
-135
What is the value of -24 + -12 + -19 + 23 + -20?
-52
What is the value of (-7 - 0 - -9) + -1 - 6 - -18?
13
What is the value of (5 - -2) + (-120 - (2 + -2 + -9 - 8))?
-96
Evaluate -8 + -31 - (18 - 24).
-33
-125 + (62 - 31) + 163
69
What is -11 + -11 + (-12 + 1 - (127 + -150))?
-10
What is the value of -1 + 143 + (25948 - 25972)?
118
Evaluate (-1 - -26 - 28) + (-3 - (3 - 13)) + -17.
-13
What is -25 - (29 - (72 + 47))?
65
Calculate 13 + 0 - (-16 + (39 - 45)) - 9.
26
What is -62 + 32 - 0 - (26 + -29)?
-27
What is the value of 2 - (-60 - 1 - (25 + 0 - (528 + -513)))?
73
Calculate -48 + 45 - ((22 - 11) + -60).
46
-31929 + 31896 - (0 - -75)
-108
(5 - 5 - -3) + -5 + -35
-37
14 + (11 + 1 + 4 - -1) + -7
24
-1 - 11 - (10 - (9 + -14 + 9))
-18
65 - 2 - (820 + -752)
-5
Evaluate -35 - (-1 - ((14 - 13) + (-7 - -3))).
-37
Calculate -1 + 0 + (-1209 + 1225 - (1 - -20 - -3)).
-9
Calculate 61 + -20 + (-3 - (-42 + 29)).
51
-3 - (24 + -11 + -1 + 7)
-22
What is 23 + (2 - (6 + 2))?
17
Evaluate 56 + -97 - (9 - (-7 + 3)).
-54
Evaluate (-4 - (4 + 13 + -6 + -4)) + -11.
-22
-4 + 57 + (-7 - (-3 + 4)) + 2
47
Calculate 42 + (-102 - -79) - 32.
-13
What is 115 - 194 - ((7 - -11) + -17 + -1 + 0)?
-79
What is the value of -148 + (-42 - -383) + -127?
66
Evaluate 15 - (-2 - (-4 - (-109 + 15))) - (-1 - -2).
106
What is (265 - 282 - (-12 + 0)) + (24 - 0)?
19
What is -3 + 2 + -46 - (-1437 + 1432)?
-42
Evaluate 6 - (((0 - 1) + 1 - 67) + -38481 + 38485).
69
What is the value of (22 - 10) + (22 - (97 - 7) - 22)?
-78
-80 + 123 + -40 + -27
-24
What is (10 - (-5 + 5 + 3)) + (0 - (14 + -13))?
6
What is the value of 13 - ((47 - -26) + -48)?
-12
Calculate -1 + (222 - 103 - 84) + (0 + 3 - 1).
36
What is the value of (-1 - 9) + (116 + -13 - (-40 - -67))?
66
Evaluate ((-2 - 12) + (8 - 5) - (681 - 683)) + 61.
52
Calculate 16 - (-49 - (26 - 55)).
36
Calculate 2 - 132 - (-38 + 46 + -18 + -5).
-115
What is 27 + (36 - 108) - -175?
130
Evaluate -54 + 75 + 6 + (0 - 3) + -3.
21
857 + -902 + 6 + -3 + 5
-37
What is the value of 2 + -9 - (-62 - -5 - ((1 - 0) + 1))?
52
What is the value of (14 - 5) + -40 + (3 - 7) - -10?
-25
Evaluate -68 + 1 + -3 - (-11 + -43 + 73).
-89
110 + (8 + -34 + -12 - -6)
78
What is the value of -1 + 39 + (136 - 167)?
7
What is the value of 4 + (-37 - -55 - 24)?
-2
What is 116 + (66 - 155) - (-12 + 0)?
39
Evaluate 44 + -10 - (50 + -39).
23
(-2 - 2 - -22) + (-3 - (-72 - 5))
92
What is 11 + 15 + -14 + -8 + -12 + -2?
-10
-63 + 1 - ((-225 - -249) + 4)
-90
27 + 33 + (36 - 56) + 2 + -25
17
55 - (-11 + (-11 - -36) - (-8 - -13))
46
What is (26 - 14) + -15 - (0 - (10 - 1))?
6
Evaluate -47 + (6 - 4 - -2) + -3 + 2 + -6.
-50
(16 - 3 - -3) + -33 + (-49 - 19)
-85
What is the value of 75 - ((190 - 12) + -89)?
-14
What is 577 - 556 - (-8 - 2 - -60)?
-29
Evaluate 38 + (12 - (26 - -6 - -5)).
13
What is 88 + (-33 + 55 - 38 - (14 +